9
Let g = -3366 + 5267. List the prime factors of g.
1901
Suppose 0 = -3*s - 5*f + 7 + 21, 3*f = s + 14. List the prime factors of -56*s*(-50)/40.
2, 5, 7
Let g = -23 - -28. Suppose -g*m + 184 = -m. What are the prime factors of m?
2, 23
Let b = 2070 + -444. What are the prime factors of b?
2, 3, 271
Suppose -4*f + 20 = -0*f. Suppose -y + f = 4*y. Suppose k + 37 = 3*z, 0 = -k - 0 - y. List the prime factors of z.
2, 3
Suppose -58988 = -47*t + 373. List the prime factors of t.
3, 421
What are the prime factors of 349 - (2 + (8 - 5))?
2, 43
Let b(v) = -v**2 - 8*v - 7. Let y be b(-6). Let o(t) = -3*t**2 + 2. Let c(n) = -n**2 + 1. Let u(g) = 2*c(g) - o(g). What are the prime factors of u(y)?
5
Suppose 5*q - 384 = 3*x + 222, -4*q + 495 = x. Suppose 0 = -2*f - 5*w + q, 2*f - 3*w = -2*w + 117. List the prime factors of f.
59
Suppose -5*c - 181 - 36 = -3*y, 2*y + 3*c - 132 = 0. Let l = y - 41. What are the prime factors of l?
2, 7
Let t = 20 + 28. Let l be (t - 1) + 8/4. Suppose -11 = -5*y + l. List the prime factors of y.
2, 3
Suppose 35*s - 12*s - 31694 = 0. List the prime factors of s.
2, 13, 53
Suppose 2*j = 251 + 307. Let o = j + -24. Suppose 0 = 3*w + 5*y - 258, -3*w + o = 4*y. What are the prime factors of w?
3
Let n be (-2 - (-305)/(-20)) + 1/4. Let o = n - -71. What are the prime factors of o?
2, 3
Suppose 3*r - q - 1635 = 0, -15*r - 4*q = -16*r + 556. List the prime factors of r.
2, 17
Let p(v) = v**2 - 27*v + 26. Let w be p(26). Suppose -3*c - 2*d = -478, w = 5*c - 3*d - 0*d - 784. What are the prime factors of c?
2, 79
Let w be (-3)/15 + 80/25. Let d be 16/12*w/1. Let h = d - -7. List the prime factors of h.
11
Let b = 411 - 727. Let a = b + 472. List the prime factors of a.
2, 3, 13
Let s = 11 - 6. Suppose -w + 17 = 3*g, -5*w + 11 = s*g - 24. Suppose 2*c + w*c - 8 = 2*f, 5*f + 4 = 2*c. List the prime factors of c.
2
Suppose -44*c = -12083 - 200789. List the prime factors of c.
2, 41, 59
Let o(v) = 8*v + v**2 - 2 - 8*v + 6. Let d(z) = -z**2 - 9. Let y(r) = 4*d(r) + 10*o(r). What are the prime factors of y(-3)?
2, 29
Let i be (0/5 - 2)*1. What are the prime factors of (3/i)/(8/(-256))?
2, 3
Suppose 3*x + 0 = 9. Suppose 0 = x*b - 7*b + 8. List the prime factors of b.
2
Let o(h) = 153*h - 88. List the prime factors of o(8).
2, 71
Suppose 3126 = 2*z + 6*y, -z - 8*y + 1561 = -7*y. List the prime factors of z.
2, 3, 5, 13
Let r be (2 - 9/6)*-12. What are the prime factors of ((-2)/r)/1*18?
2, 3
Suppose -4*w + 3*y - 118 = 0, -5*y - 45 - 58 = 3*w. Let i = -27 - w. List the prime factors of i.
2
Let d = -4002 + 5629. List the prime factors of d.
1627
Let x = 6170 - 4286. List the prime factors of x.
2, 3, 157
Let a(m) = -3*m + 28. Let z be a(8). Suppose -z*f - 154 = -w, -770 = -5*w - 0*f + f. List the prime factors of w.
2, 7, 11
Suppose 14 = 50*i - 48*i. Suppose -3*s + i*s = q + 390, -s + 100 = q. List the prime factors of s.
2, 7
Let k(a) = 4*a**2 + 5*a + 4. Let t be ((-18)/(-12))/(7/(-4) + 1). List the prime factors of k(t).
2, 5
Let a(s) = -s + 12. Let p be a(10). Suppose -o + 12 = p*o. Suppose o*q - 46 = -2. What are the prime factors of q?
11
Suppose 0*v = 6*v. Suppose -a + 16 + 61 = v. List the prime factors of a.
7, 11
Let f be (-3)/12 + 200/32. List the prime factors of (3 - f)/(2/(-50)).
3, 5
Let y(d) = -d**3 + 10*d**2 + 2*d - 18. Let r be y(10). Let n be 4/10 - (-43)/5. Let v = r + n. What are the prime factors of v?
11
Let q = 1387 + -869. What are the prime factors of q?
2, 7, 37
Let v(i) = i**2 + 5*i + 28. Suppose 0 = 3*p - p - 14. List the prime factors of v(p).
2, 7
Suppose 0 = -j + d + 559, -j - 2*j + 1698 = 4*d. What are the prime factors of j?
2, 281
Let c = -26 - -16. Let m(i) = -8*i - 5. What are the prime factors of m(c)?
3, 5
What are the prime factors of -8 - 7/(56/(-5784))?
5, 11, 13
Let c = -2 + 11. What are the prime factors of c - -12 - (-1 - 2)?
2, 3
Let k be -12 - 12/9*-3. Let f = -3 - k. Suppose -f*i - 5*z + 18 + 137 = 0, 4*i + z = 112. List the prime factors of i.
3
Suppose 2*i - 6 = 100. List the prime factors of i.
53
Suppose -4*y + 0*y = 0. Suppose 4*r - 302 - 54 = y. Suppose 3*d = 6, 37 = -2*o - d + r. List the prime factors of o.
5
Suppose -5 = 5*y + 5. Let f(p) = -3*p**3 - 2*p**2 - 1. Let a be f(y). What are the prime factors of (-125)/a*(-4 - -1)?
5
Let n be (30/4)/(2/12). Let u be (-1)/(-4) + 6/((-72)/(-57)). Suppose -n = -5*d + u. What are the prime factors of d?
2, 5
Suppose -19*k + 210518 = 58*k. List the prime factors of k.
2, 1367
Let f = -8 + 4. Let q(r) = -3 - 6*r + 10*r**2 + 12*r**2 + 13*r**2 - 34*r**2. What are the prime factors of q(f)?
37
Suppose -2*c = -c - t - 490, 3*c = -5*t + 1494. List the prime factors of c.
17, 29
List the prime factors of 131836/69 + (-4)/24*4.
2, 5, 191
Let v(p) = -487*p**3 - 2*p - 3. What are the prime factors of v(-1)?
2, 3
Let c(g) = g**3 + 7*g**2 + 3*g + 2. Let p be c(-6). Suppose s = -s + p. List the prime factors of s.
2, 5
Let j(f) = -9*f**2 + 21*f + 49. Let x(d) = 6*d**2 - 14*d - 33. Let t(i) = -5*j(i) - 7*x(i). What are the prime factors of t(7)?
2, 3, 7
Let t be 95/25 + (-5)/(-25). Suppose 136 = t*a + 48. List the prime factors of a.
2, 11
Let j be ((-6)/4)/(3/(-6)). Let k = j + 155. What are the prime factors of k?
2, 79
Suppose -15*x = -17*x + 136. Let y = x - 165. Let d = -43 - y. List the prime factors of d.
2, 3
Suppose -11*k + 71 = 16. Let s(l) = -25*l + 8. Let x be s(-9). Suppose f - x = -3*w, k*w + 0*f = 4*f + 394. List the prime factors of w.
2, 3, 13
Let y = 420 + -108. Let w(x) = -3*x**2 - 14*x - 1. Let k be w(-4). Suppose l = k*l - y. List the prime factors of l.
2, 13
Let k = 9 + -2. Suppose -5*b - 7 = -4*b. What are the prime factors of (b/k)/(2/(-4))?
2
Suppose -44*c + 62*c - 15570 = 0. List the prime factors of c.
5, 173
Let f(x) be the first derivative of -x**6/360 + x**5/10 + 5*x**4/8 - x**3 - 6. Let q(s) be the third derivative of f(s). What are the prime factors of q(12)?
3, 5
Let x(s) = s**3 - 9*s**2 + 7*s + 10. Let q be x(8). Let u be 0*q/(-4) + 2. Suppose -4*a + 12 = -u*a. What are the prime factors of a?
2, 3
Let n(m) = -3*m**2 - 2*m. Let v be n(-4). Let f be v/(-3 + 0 - -2). Suppose -12*t + 8*t = -f. List the prime factors of t.
2, 5
Suppose 8*c - 724 = 6*c + f, -3*f = -2*c + 732. List the prime factors of c.
2, 3, 5
Let o(z) = z**2 - z - 49. Let u be o(0). Let t be -4 + u/((-1)/1). Suppose i - 6*i + t = 0. List the prime factors of i.
3
Let y = 1 - -7. Let g be y/(-10) + (-1328)/40. Let q = g - -38. What are the prime factors of q?
2
Let d(t) = -70*t + 94. What are the prime factors of d(-11)?
2, 3
Suppose v + 3 = 15. Let i = 29 - v. List the prime factors of ((-22)/(-6))/(i/255).
5, 11
What are the prime factors of (-616938)/(-357) - (3 - (-147)/(-51))?
2, 3
What are the prime factors of (7 - (13 + -3)) + 2337?
2, 3, 389
Let x(n) be the first derivative of 137*n**3/3 - n - 12. Let u be x(1). Let j = u + -82. List the prime factors of j.
2, 3
Let w be (-4)/6*18/(-6). Suppose w*s - 5*s = -798. What are the prime factors of s?
2, 7, 19
Suppose 110*k - 104*k - 2136 = 0. List the prime factors of k.
2, 89
Suppose -3 - 9 = -6*x. Let s = 4 - 4. Suppose x*t = 3*c - 6*c + 67, s = -3*t + 3*c + 93. List the prime factors of t.
2
Suppose 5*v - o + 1770 = 7*v, 4*v - 3532 = -4*o. What are the prime factors of v?
887
Let j = 36 - 36. Suppose 4*i - 4*w + 3*w - 24 = j, -2*i = -5*w - 30. What are the prime factors of 56/(-35)*i/(-2)?
2
What are the prime factors of ((-565)/(-45)*3)/(2/30)?
5, 113
Let a be (6/5)/((-6)/(-20)). Let l(b) = -b**3 + 6*b**2 - 6*b + 2. Let o be l(a). Suppose 6*f + 80 = o*f. List the prime factors of f.
2, 5
Let g be 2386/(-6)*-1 + 1/3. Suppose 2*b = -3*h + 292, 5*b - 5*h = 357 + g. List the prime factors of b.
149
Suppose -2*k + 129 = 59. Let z(j) = j**2 - 5*j + 3. Let w be z(5). Suppose 8*l = w*l + k. What are the prime factors of l?
7
Let y(d) = 48*d - 101. List the prime factors of y(12).
5, 19
Let j be 272/2 + 8/(-4). Let t = -57 + j. List the prime factors of t.
7, 11
Suppose -2*j + 4*j - b = 486, -5*b = -3*j + 729. Suppose -252 = -5*m + 4*f, 5*m + 0*f = f + j. List the prime factors of m.
2, 3
Let n(p) = -p - 19. Let w = 1 - 13. Let q be n(w). List the prime factors of (-93)/q + 12/(-42).
13
Let z = -6 + 9. Let x be -